2 + 57 = -h*z, 2*q = -3*z + 41. List the prime factors of q.
2
Suppose -6*i + 436 = -2*i. What are the prime factors of i?
109
Suppose 4*w - 4*y - y = 52, -w - 5*y + 13 = 0. What are the prime factors of w?
13
Let h(v) = 12*v**2 - 5*v + 4. What are the prime factors of h(3)?
97
Let n = 43 - 21. What are the prime factors of n?
2, 11
Let z = 17 + -13. List the prime factors of z.
2
Let z(p) = 31*p - 1. Let g be z(1). Let d = -14 + g. List the prime factors of d.
2
List the prime factors of 1 - (-3)/(-9) - 97/(-3).
3, 11
Let a(f) = -f**2 - 4*f - 1. Let i be a(-5). Let r be 9/i*(-8)/(-6). Let k = 1 - r. What are the prime factors of k?
3
Let n(g) = -12*g**2 + 9*g + 5. Let r(h) = -13*h**2 + 10*h + 6. Let u(x) = -7*n(x) + 6*r(x). What are the prime factors of u(2)?
19
Let s = 9 + 53. Suppose 4*h = 2*h + s. List the prime factors of h.
31
Let n(f) = 2*f - 9. Let j be n(7). Suppose -j*s - 1 + 21 = 0. Suppose 5*p = 2*q, s*q + 5*p = -q + 35. List the prime factors of q.
5
Suppose -7 - 20 = -3*k. Suppose -5*a = k + 1. List the prime factors of a/(-1) - (-11 + 2).
11
Suppose 4*j + 5*r - 13 = 78, -3*j + 73 = -r. What are the prime factors of j?
2, 3
Suppose 22*p = 26*p - 364. What are the prime factors of p?
7, 13
Let j = 12 + 17. What are the prime factors of j?
29
Suppose 5*c = 7 + 8, 0 = -2*s + 4*c + 2. Let y = s - 10. List the prime factors of ((-3)/6)/(y/54).
3
Let o = -16 + 20. Suppose -5*m + 15 = 3*i + 2*i, -o*m = -4*i - 52. What are the prime factors of m?
2
Let f(o) = -o + 17. Suppose -3*v + 18 = g, 3*g = 2*v - 4*v + 5. List the prime factors of f(v).
2, 5
Let g(o) = 6*o**2 - 2*o + 20. List the prime factors of g(6).
2, 7
Let o(n) = -n**3 + 3*n**2 + 3*n. Let t be o(4). Let z = -2 - t. List the prime factors of z.
2
Let c(y) = y**3 - 2*y**2 - y + 2. Let h be c(2). Suppose h = 3*f + 5 - 2. List the prime factors of f + 17 + 0 - 0.
2
Suppose 74 = -3*q + 266. What are the prime factors of q?
2
Let b = 11 + -15. Let h = b - -3. Let k = h + 11. What are the prime factors of k?
2, 5
What are the prime factors of (-2)/12 - (-254)/12?
3, 7
Let i(j) = -j**3 + j**2 + j - 7. Let m be i(0). Let w = 2 - m. List the prime factors of w.
3
Suppose -5*b - 17 - 39 = 3*u, 4 = -b + 3*u. Let q = b + 15. What are the prime factors of q?
5
Let x be 2*1 - 0/8. List the prime factors of (-13 - -1)*x/(-4).
2, 3
Let v be -1 - (-3 - -12)/3. Let f = -1 - v. List the prime factors of f.
3
Let h(r) = r**3 - 5*r**2 - 7*r + 9. Let b be h(6). Suppose y + 103 = 4*o + 36, -b*y - 75 = -5*o. List the prime factors of ((-1)/(-3))/(2/o).
3
List the prime factors of (-5)/(2*(-2)/184).
2, 5, 23
Let f be 25/(-10)*12/(-10). Suppose -u = f*k - 152 + 40, -2*k - 5*u + 79 = 0. List the prime factors of k.
37
Suppose 2*z + 2*r + 5 = -z, -4*z = -3*r - 16. Let q be 15/10*(z - -1). Suppose q*a - 19 - 11 = 0. What are the prime factors of a?
2, 5
Suppose -j + 2*c + 18 - 4 = 0, 5*j - 2*c - 30 = 0. Suppose 0 = -2*u + x + 49, j*u - 2*x = 2*x + 96. List the prime factors of u.
5
Suppose -781 - 107 = -4*f. What are the prime factors of f?
2, 3, 37
Let u = -5 + 13. What are the prime factors of u?
2
Let c be -9 + (-12)/(3 + 1). What are the prime factors of (4/(-3))/(4/c)?
2
Let p = 243 - 155. What are the prime factors of p?
2, 11
Let w = -4 - -21. Let y = w + -9. List the prime factors of y.
2
Suppose 3*v = 4 + 2. Suppose 3*i = -u + 6*u - 7, v*i + 3*u - 8 = 0. Suppose 4*y = i + 15. List the prime factors of y.
2
Let v(j) = j**3 - 3*j**2 - 2*j + 4. Suppose 3*n - 6 = n. Let z be v(n). List the prime factors of (z/4)/((-2)/48).
2, 3
Let n be 4/(-6)*(0 + -3). Suppose 5*j + 92 = -n*y + 10, -102 = 5*j - 3*y. What are the prime factors of (24/(-9))/(4/j)?
2, 3
Let a(o) = 5*o + 7. List the prime factors of a(6).
37
Suppose i - 3 = 0, 4*a + i + 1 - 8 = 0. Let x(f) = -a - f + 5 + 2. What are the prime factors of x(4)?
2
Suppose -7*w = -3*w - 8. Suppose w*p + 61 = 11. What are the prime factors of 10/p + 24/10?
2
Suppose 3*l - 1 = 11. Let a be (-2 + 4)*2/l. Let y = a + 6. What are the prime factors of y?
7
Let p be (1 + 3)*(2 + 0). Let m(a) = 0 - a**2 + 0 + 0 + 5 + p*a. What are the prime factors of m(6)?
17
Let w = 6 + -4. Suppose 3*c - w*t = 7*c - 26, 3*t = -3. Suppose -c = -p + 1. What are the prime factors of p?
2
Let t be -3 + (-4)/(-2) - -1. Suppose -4*x = -t*x + 20. Let l = 18 + x. What are the prime factors of l?
13
Let v(m) = -39*m - 30. List the prime factors of v(-5).
3, 5, 11
Suppose -x = 1 + 1. List the prime factors of x + 21 + 1 + -3.
17
Suppose -5*r - x + 483 = 0, 5*x - 9 = 2*x. List the prime factors of r.
2, 3
Suppose 0 = -2*b - 3*o - 13 + 312, -5*b = -3*o - 800. What are the prime factors of b?
157
Let i = 35 - 20. Suppose i = d - 4*g + g, -5*d - 4*g + 94 = 0. List the prime factors of d.
2, 3
Let l(r) = -r**3 - 15*r**2 + 13*r - 4. What are the prime factors of l(-16)?
2, 11
Let l = 11 + -7. Suppose -l*c - 6 = -3*c. Let g(w) = w**2 + 2*w - 6. List the prime factors of g(c).
2, 3
Suppose 26*n - 8 = 27*n. What are the prime factors of (106/n + 2)*-4?
3, 5
Let u(j) = 1. Let b(p) = -p**2 - 6*p + 4. Let i(z) = b(z) - 3*u(z). Let r(c) = c**2 + 6*c - 4. Let h be r(-6). What are the prime factors of i(h)?
3
Let x be 2/(-9) - 4/(-18). Suppose -25 = -4*g + 3. What are the prime factors of x - (-1 - g - -1)?
7
Suppose 0 = -3*n + 5*n - 6. Suppose n*a = 5*a. What are the prime factors of 22/(a + 2 - 0)?
11
Suppose 5*h = 2*h. Suppose h = 6*r - 2*r. Suppose 0 = m - r*m - 9. List the prime factors of m.
3
Let s be (-9747)/(-45) - (-2)/5. Suppose h + s = 5*c, 0 = 2*c - 3*c - 5*h + 33. What are the prime factors of c?
43
Suppose 3 + 1 = i. Suppose -q + i*q = 6. What are the prime factors of q?
2
Suppose 26 = v - 3. List the prime factors of v.
29
Let n(u) = -u - 10. List the prime factors of n(-14).
2
Suppose 0 = 5*n - 3*p, p = -0*p. Let x = 27 - 22. Suppose -3*i - 4*q = q - 28, n = -i - x*q + 6. What are the prime factors of i?
11
Suppose 11*d = 8*d + 123. List the prime factors of d.
41
Suppose 3*l = 3*h - 72, -3*h + 5*l - 3*l + 74 = 0. List the prime factors of h.
2, 13
Suppose -2*g + 0 = 40. Let y be (g/(-3))/((-3)/(-9)). Suppose -5*j - 15 = 0, 0 = n - 0*n - 4*j - y. What are the prime factors of n?
2
Let d be (3 - (7 - 4))/(-2). Suppose n = -d*n + 26. List the prime factors of n.
2, 13
Let l(p) = -14*p. Let k be l(1). Let d = k + 20. Let y = 4 + d. List the prime factors of y.
2, 5
Let j be 6 + 0 - (0 + 2). Suppose -2*q = -25 + 19. Let r = j + q. What are the prime factors of r?
7
Suppose -3*m = -4*u + 35, 0 = 2*u + 3*u + 2*m - 15. Suppose -u*z = -4*l - 179, 1 + 7 = 2*l. List the prime factors of z.
3, 13
Suppose -4*t = 15 - 63. What are the prime factors of t?
2, 3
Let o(l) = l**2 - 3*l - 7. Let m be o(5). Suppose m*s + 6 = 5*p, 0 = 5*s - 0*s - 15. What are the prime factors of 15*p/3 + -1?
2, 7
Let l = -5 + 0. Let j(f) = -f**3 - 4*f**2 + 4*f. Let z be j(l). Suppose -23 = -4*b + z*i, i + 6 = -3*b - 3*i. List the prime factors of b.
2
Let z(a) = -14*a**3 + 2*a + 1. Suppose -h - 2*h - 3 = 0. List the prime factors of z(h).
13
Let p = -132 - -217. List the prime factors of p.
5, 17
Suppose 16 = 7*l - 5*l. What are the prime factors of l?
2
Let s be (3 - -1)/(-2) + 22. Suppose 0 = -5*r - 5*j + s, 3*j - 8 = -2*r - 0. What are the prime factors of r?
2
What are the prime factors of 132/(-16)*92/(-3)?
11, 23
Let z(d) = d**2 - 7*d - 8. Let q be z(-7). What are the prime factors of q/8 - 1/4?
11
List the prime factors of (166/(-8))/(5/(-40)).
2, 83
Let g = -225 + 343. What are the prime factors of g?
2, 59
Let b be (0 + 3)/3*1. Let o(r) = 22*r**2 - r. List the prime factors of o(b).
3, 7
Suppose 4*x - 5*x + 2 = 0. Suppose x*m = 6*m - 16. Suppose -p = -m*k - 5, 0*k + 25 = 5*p + k. List the prime factors of p.
5
Suppose 860 = 5*r + c - 855, 3*r - 1001 = 5*c. List the prime factors of r.
2, 3, 19
Suppose 0 = -5*g + 8 + 22. Let a = g - 3. List the prime factors of a.
3
Let y = 7 - 3. Suppose y*u - 8 = -0*u. What are the prime factors of u?
2
Let a(h) be the first derivative of 0*h**3 + 9*h + 1/4*h**4 - 1/2*h**2 + 3. What are the prime factors of a(0)?
3
Let w = 43 - 30. What are the prime factors of w?
13
Suppose -134 = 2*l - 4*l. What are the prime factors of l?
67
Suppose -4*s - s - 2*j = -20, -3 = -3*s - 3*j. Le